factors of 660602.
2, 557, 593
List the prime factors of 515829.
3, 139, 1237
List the prime factors of 34187.
17, 2011
List the prime factors of 54373.
11, 4943
What are the prime factors of 19089295?
5, 3817859
What are the prime factors of 972447?
3, 7, 46307
What are the prime factors of 7335507?
3, 71, 34439
List the prime factors of 956369.
17, 101, 557
List the prime factors of 95142.
2, 3, 101, 157
List the prime factors of 1383440.
2, 5, 17293
List the prime factors of 449602.
2, 47, 4783
What are the prime factors of 29711223?
3, 17, 11423
What are the prime factors of 6432483?
3, 2144161
What are the prime factors of 334614?
2, 3, 7, 31, 257
List the prime factors of 79824.
2, 3, 1663
List the prime factors of 6244798.
2, 7, 167, 2671
What are the prime factors of 1784131?
191, 9341
What are the prime factors of 770324?
2, 192581
List the prime factors of 11568283.
19, 608857
What are the prime factors of 27718721?
17, 601, 2713
What are the prime factors of 102144?
2, 3, 7, 19
List the prime factors of 4346028.
2, 3, 40241
List the prime factors of 46506.
2, 3, 23, 337
List the prime factors of 1035841.
61, 16981
List the prime factors of 1658809.
17, 97577
What are the prime factors of 119574?
2, 3, 7, 13, 73
List the prime factors of 1108038.
2, 3, 151, 1223
List the prime factors of 232419.
3, 11, 7043
List the prime factors of 267340.
2, 5, 13367
What are the prime factors of 4336141?
37, 117193
List the prime factors of 1065983.
641, 1663
What are the prime factors of 1757289?
3, 491, 1193
List the prime factors of 23451434.
2, 19, 619, 997
List the prime factors of 821244.
2, 3, 68437
What are the prime factors of 424626?
2, 3, 17, 23, 181
List the prime factors of 1010690.
2, 5, 211, 479
What are the prime factors of 318770?
2, 5, 127, 251
What are the prime factors of 2937960?
2, 3, 5, 8161
What are the prime factors of 6028?
2, 11, 137
What are the prime factors of 3208016?
2, 7, 28643
What are the prime factors of 5960159?
5960159
What are the prime factors of 190365?
3, 5, 7, 37
List the prime factors of 5663.
7, 809
List the prime factors of 7232625.
3, 5, 2143
What are the prime factors of 10248202?
2, 23, 222787
List the prime factors of 20712.
2, 3, 863
What are the prime factors of 2770?
2, 5, 277
List the prime factors of 2164094.
2, 1082047
What are the prime factors of 19185696?
2, 3, 66617
List the prime factors of 8283215.
5, 71, 23333
What are the prime factors of 2289523?
37, 61879
List the prime factors of 1619340.
2, 3, 5, 137, 197
List the prime factors of 288233.
11, 26203
What are the prime factors of 11053323?
3, 1228147
List the prime factors of 4667077.
59, 79103
List the prime factors of 249785.
5, 49957
List the prime factors of 1218065.
5, 243613
List the prime factors of 24569306.
2, 137, 89669
List the prime factors of 1048123.
1048123
What are the prime factors of 69126?
2, 3, 41, 281
What are the prime factors of 4287607?
4287607
What are the prime factors of 4654964?
2, 29, 40129
What are the prime factors of 400352?
2, 12511
List the prime factors of 1889177.
1889177
List the prime factors of 4943878.
2, 2471939
What are the prime factors of 63704?
2, 7963
What are the prime factors of 405755?
5, 7, 11593
What are the prime factors of 611250?
2, 3, 5, 163
What are the prime factors of 59298?
2, 3, 9883
List the prime factors of 511014.
2, 3, 7, 23
List the prime factors of 2559463.
23, 257, 433
List the prime factors of 4157216.
2, 7, 67, 277
What are the prime factors of 1024829?
13, 31, 2543
List the prime factors of 10268529.
3, 43, 79601
What are the prime factors of 5970805?
5, 1194161
List the prime factors of 12609640.
2, 5, 239, 1319
What are the prime factors of 6903177?
3, 43, 59, 907
What are the prime factors of 1911341?
107, 17863
List the prime factors of 2461933.
797, 3089
What are the prime factors of 9969833?
23, 433471
List the prime factors of 5413658.
2, 479, 5651
What are the prime factors of 1833658?
2, 47, 19507
List the prime factors of 206532.
2, 3, 5737
What are the prime factors of 315655?
5, 63131
What are the prime factors of 5599255?
5, 337, 3323
What are the prime factors of 6924331?
6924331
List the prime factors of 113951.
17, 6703
List the prime factors of 1009274.
2, 7, 72091
List the prime factors of 2089843.
7, 43, 53, 131
List the prime factors of 2435256.
2, 3, 149, 227
List the prime factors of 1095547.
101, 10847
List the prime factors of 6155934.
2, 3, 311, 3299
List the prime factors of 7212891.
3, 7, 37, 9283
What are the prime factors of 647564?
2, 17, 89, 107
List the prime factors of 68315.
5, 13, 1051
What are the prime factors of 1014223?
7, 144889
What are the prime factors of 3038561?
3038561
What are the prime factors of 320839?
320839
What are the prime factors of 70763?
7, 11, 919
List the prime factors of 2768847.
3, 557, 1657
What are the prime factors of 1059985?
5, 211997
What are the prime factors of 446902?
2, 439, 509
List the prime factors of 981756.
2, 3, 27271
What are the prime factors of 29393127?
3, 3265903
List the prime factors of 112225.
5, 67
List the prime factors of 1001686.
2, 7, 71549
What are the prime factors of 446423?
433, 1031
What are the prime factors of 516016?
2, 32251
What are the prime factors of 55819?
55819
What are the prime factors of 374077?
11, 31, 1097
What are the prime factors of 745941?
3, 7, 35521
What are the prime factors of 652206?
2, 3, 71, 1531
List the prime factors of 2812369.
7, 383, 1049
List the prime factors of 551014.
2, 137, 2011
List the prime factors of 130833.
3, 14537
What are the prime factors of 9070985?
5, 7, 11, 23561
What are the prime factors of 27693048?
2, 3, 163, 7079
List the prime factors of 6043840.
2, 5, 11, 17, 101
What are the prime factors of 9344627?
163, 57329
List the prime factors of 100911.
3, 33637
List the prime factors of 3706232.
2, 47, 9857
List the prime factors of 325279.
239, 1361
List the prime factors of 4329455.
5, 13, 43, 1549
List the prime factors of 7676236.
2, 71, 151, 179
List the prime factors of 5198026.
2, 2599013
What are the prime factors of 20766187?
13, 31, 227
List the prime factors of 230179.
43, 53, 101
What are the prime factors of 11326684?
2, 2831671
List the prime factors of 7323044.
2, 331, 5531
List the prime factors of 21570977.
17, 1268881
List the prime factors of 11056141.
521, 21221
What are the prime factors of 146978?
2, 13, 5653
What are the prime factors of 1160971?
7, 23, 7211
List the prime factors of 83851.
71, 1181
What are the prime factors of 1209153?
3, 11, 3331
What are the prime factors of 1741214?
2, 149, 5843
List the prime factors of 4601684.
2, 1150421
What are the prime factors of 442586?
2, 19, 613
What are the prime factors of 7248964?
2, 41, 44201
List the prime factors of 1188457.
1188457
List the prime factors of 90170.
2, 5, 71, 127
List the prime factors of 7357123.
19, 59, 6563
What are the prime factors of 10000185?
3, 5, 13, 51283
What are the prime factors of 215099?
19, 11321
What are the prime factors of 179084?
2, 44771
What are the prime factors of 224537?
151, 1487
List the prime factors of 204916.
2, 51229
List the prime factors of 593451.
3, 233, 283
What are the prime factors of 13807964?
2, 3451991
What are the prime factors of 18385755?
3, 5, 17, 72101
What are the prime factors of 1280043?
3, 15803
List the prime factors of 3666007.
3666007
List the prime factors of 4794378.
2, 3, 799063
List the prime factors of 990929.
41, 24169
What are the prime factors of 1017938?
2, 508969
What are the prime factors of 178284?
2, 3, 83, 179
List the prime factors of 6549079.
6549079
What are the prime factors of 7326033?
3, 11, 13, 17077
What are the prime factors of 172779?
3, 57593
List the prime factors of 9268237.
11, 76597
What are the prime factors of 230233?
230233
List the prime factors of 90339.
3, 30113
List the prime factors of 9688585.
5, 31, 62507
What are the prime factors of 15518063?
11, 1410733
List the prime factors of 862396.
2, 37, 5827
What are the prime factors of 31911803?
7, 11, 29, 31, 461
What are the prime factors of 3034827?
3, 23, 181
What are the prime factors of 16685587?
16685587
List the prime factors of 4350724.
2, 7, 155383
List the prime factors of 82208